 of 7300 and 621237300.
7300
What is the highest common factor of 188717 and 166753?
289
What is the highest common factor of 23387 and 1008?
7
Calculate the highest common factor of 494 and 20425.
19
Calculate the greatest common divisor of 95019270 and 1052.
526
What is the greatest common factor of 28 and 738292?
4
What is the highest common divisor of 274703556 and 108?
12
Calculate the highest common factor of 86661024 and 80.
16
What is the greatest common divisor of 7253400 and 77880?
1320
What is the highest common divisor of 126261128 and 3248?
1624
What is the highest common divisor of 16354500 and 6?
6
What is the greatest common divisor of 5 and 93075790?
5
Calculate the greatest common factor of 12201854 and 52486.
2282
What is the highest common divisor of 33385 and 66715?
55
What is the highest common divisor of 18740 and 1055872505?
4685
Calculate the highest common factor of 2210 and 1014812110.
2210
What is the greatest common divisor of 473444 and 125?
1
Calculate the highest common divisor of 17471648 and 1904.
272
What is the greatest common factor of 3995 and 71856467?
799
What is the highest common divisor of 115472 and 145712?
112
Calculate the highest common factor of 40953 and 4365039.
51
What is the highest common divisor of 893662 and 294?
98
What is the greatest common divisor of 519211 and 1858003?
4291
What is the greatest common divisor of 81310745 and 13515?
4505
Calculate the greatest common divisor of 27669302 and 7004.
3502
Calculate the greatest common divisor of 128543380 and 175.
35
What is the highest common divisor of 123 and 357410489?
41
Calculate the greatest common divisor of 3078 and 13890843.
171
Calculate the greatest common factor of 3056 and 358698.
382
Calculate the greatest common factor of 1129 and 17566111.
1129
Calculate the highest common factor of 1896 and 2348019672.
1896
Calculate the greatest common divisor of 28 and 117854688.
28
Calculate the highest common divisor of 123013 and 1269587.
2321
Calculate the greatest common divisor of 870626197 and 203.
203
Calculate the highest common factor of 3219 and 189091571.
1073
Calculate the highest common divisor of 15264964 and 598.
26
Calculate the highest common divisor of 287 and 87500.
7
Calculate the greatest common divisor of 4777261 and 689.
53
What is the greatest common factor of 201341 and 120922?
587
What is the highest common factor of 1682 and 9606308?
58
Calculate the highest common factor of 1762090100 and 4436.
4436
Calculate the highest common divisor of 419475465 and 90.
45
Calculate the highest common factor of 211514040 and 15.
15
Calculate the highest common factor of 548236 and 12207172.
3244
Calculate the highest common factor of 28598837 and 1873.
1873
Calculate the highest common factor of 207 and 51528.
3
What is the highest common factor of 45997 and 10423?
7
Calculate the greatest common divisor of 1172 and 43153333.
293
What is the greatest common divisor of 1480 and 21915980?
20
Calculate the greatest common factor of 6137 and 7880486.
17
Calculate the highest common divisor of 9 and 6325464.
3
Calculate the greatest common factor of 5549 and 2167153.
179
What is the highest common factor of 705755 and 998545?
2185
Calculate the greatest common factor of 66932352 and 432.
432
Calculate the greatest common divisor of 13185 and 183486855.
4395
Calculate the highest common factor of 5763 and 120768.
51
What is the highest common factor of 7387 and 354161?
83
What is the highest common divisor of 75774 and 10001?
73
Calculate the highest common divisor of 4218 and 2323452.
222
Calculate the highest common factor of 7474404 and 812.
28
Calculate the highest common divisor of 1892 and 4837844.
1892
Calculate the greatest common divisor of 1161121 and 221.
13
Calculate the highest common factor of 1174018 and 8992.
562
Calculate the highest common divisor of 1 and 64688297.
1
Calculate the greatest common divisor of 795774 and 6447.
21
What is the highest common divisor of 899356004 and 31?
31
What is the highest common factor of 4522 and 1080226?
266
Calculate the highest common factor of 7643565 and 57.
3
Calculate the greatest common divisor of 6 and 15351054.
6
Calculate the highest common divisor of 50 and 182002350.
50
What is the highest common factor of 846444000 and 3000?
3000
What is the greatest common factor of 13545 and 183150?
45
Calculate the highest common factor of 4209 and 1236158046.
4209
Calculate the greatest common factor of 48551083 and 3909.
1303
What is the highest common divisor of 2311776308 and 536?
268
Calculate the highest common divisor of 198159551 and 2594.
1297
Calculate the highest common factor of 58115367 and 17.
17
Calculate the highest common factor of 6647200 and 90720.
1120
What is the highest common factor of 57380937 and 141?
141
Calculate the greatest common factor of 22264 and 10686236.
484
Calculate the greatest common factor of 979 and 393447373.
979
Calculate the highest common factor of 1972016793 and 27.
27
What is the highest common divisor of 930 and 75765?
15
What is the highest common divisor of 3948 and 13098477?
987
What is the greatest common factor of 2919 and 6549?
3
What is the highest common divisor of 4160 and 261495?
65
What is the highest common divisor of 412 and 14241913?
103
Calculate the greatest common divisor of 4313 and 163296309.
227
What is the highest common divisor of 148704 and 295296?
96
Calculate the greatest common divisor of 3695525 and 230.
115
What is the highest common divisor of 13915317 and 2379?
39
What is the highest common divisor of 80131 and 93978?
227
What is the highest common divisor of 1351415593 and 33?
11
Calculate the highest common factor of 646741929 and 7389.
2463
What is the greatest common factor of 7378 and 360026?
34
Calculate the highest common factor of 110391780 and 5397.
771
What is the highest common factor of 206956 and 1159276?
124
What is the highest common divisor of 10192 and 221104?
208
Calculate the greatest common divisor of 18104377 and 69288.
2887
Calculate the highest common factor of 122290602 and 149331.
11487
What is the greatest common divisor of 143056 and 54128?
16
Calculate the greatest common factor of 7008339 and 13.
13
Calculate the highest common divisor of 252 and 36421938.
126
Calculate the highest common divisor of 49268863 and 343.
343
Calculate the greatest common factor of 108385 and 5194.
53
What is the greatest common factor of 1737601 and 113?
113
What is the greatest common factor of 82 and 3245486200?
82
Calculate the greatest common factor of 4 and 19905328.
4
Calculate the highest common factor of 5456 and 16064.
16
What is the greatest common factor of 208 and 2374288592?
208
What is the greatest common factor of 1939200 and 161280?
3840
What is the greatest common divisor of 1302471737 and 21?
7
What is the greatest common divisor of 2394 and 476064?
342
What is the highest common factor of 17208 and 211037?
239
What is the greatest common divisor of 90911160 and 17496?
1944
Calculate the greatest common factor of 100 and 27113300.
100
Calculate the greatest common divisor of 619563 and 2445.
489
What is the highest common factor of 13357360 and 80?
80
Calculate the highest common divisor of 279809600 and 7138.
7138
What is the highest common divisor of 209044400 and 144?
16
Calculate the highest common factor of 4144 and 982860452.
1036
What is the highest common factor of 1038 and 18125556?
1038
What is the highest common factor of 30262232 and 184184?
8008
What is the highest common divisor of 430185 and 433160?
595
Calculate the greatest common factor of 170 and 23715040.
10
What is the greatest common divisor of 16824785 and 197?
197
What is the greatest common factor of 550340 and 114560?
20
What is the highest common factor of 54 and 90102462?
6
What is the greatest common divisor of 630 and 19341567?
63
Calculate the highest common factor of 525 and 4614771.
21
What is the highest common divisor of 6768 and 2394512?
16
What is the greatest common factor of 28386 and 860793?
249
Calculate the greatest common divisor of 1382907687 and 14.
7
Calculate the greatest common divisor of 42374604 and 204.
12
What is the greatest common factor of 97965475 and 50?
25
Calcu